4
Let k(l) = -l - 7 - 2*l + 0*l + 5*l. Let u(v) = 2*v - 6. Let s be u(6). Calculate k(s).
5
Suppose 2*i = -i + 48. Suppose 3*l = b + i, 2*b - l + 16 = -b. Let a(u) = -3*u - 5. Determine a(b).
7
Let i(u) be the first derivative of -u**3/3 + u**2/2 + u + 2. What is i(-3)?
-11
Suppose -2*r = -4*c - 4, -2*c - 4*r + 18 = -0*r. Let x(f) = -15*f**3 + 2*f**2 - 2*f + 1. Give x(c).
-14
Let u(s) = -s**2 - 7*s - 1. Let v be u(-6). Let z(a) = 2 + 1 - 4 + v*a + 2. Give z(-1).
-4
Let z(g) be the first derivative of g**2 - 8*g - 5. Give z(-9).
-26
Let u(p) be the first derivative of -p**3 - 1/2*p**2 - 1/4*p**4 + 3 + 2*p. Calculate u(-2).
0
Let x(v) = v**3 - 3*v**2 + v + 2. Let n = -7 + 9. What is x(n)?
0
Let f be 1/(2*4/8). Let z(r) = 2 - r**2 + r - 6*r**3 + 6*r + 4. Let t(b) = -b - 1. Let w(j) = 6*t(j) + z(j). Determine w(f).
-6
Let m(h) = -h**3 + 9*h**2 + 4*h - 7. Let f(x) = x**3 - 10*x**2 - 3*x + 8. Suppose -b = b + 8. Let g(a) = b*m(a) - 3*f(a). What is g(7)?
4
Let n(d) = -2*d**2 + 0 + 5 + 3*d - 2. Suppose -b - 2*x - 23 = -4*b, 3*x - 13 = -5*b. Suppose -3*k = 12, -4*t + 0*t - 8 = b*k. Calculate n(t).
-6
Let d(i) = -i. Let s(j) = j + 2*j - 1 - 2*j + 2. Let v(x) = 3*d(x) + 2*s(x). What is v(-5)?
7
Let l(i) = -2 + 0 - 1 - 1 + 2*i. Determine l(-3).
-10
Let j(o) = o + 2. Let f(i) = i + 4. Let r be f(-5). Suppose 3*w + 15 = -2*w. Let s = w - r. Calculate j(s).
0
Suppose 0*h + 30 = 5*h. Let l(f) be the third derivative of 0*f - f**2 + 1/24*f**4 + 0 + 1/6*f**3 + 1/30*f**h + 1/60*f**5. Determine l(-1).
-3
Let f(n) be the second derivative of -n**3/6 + n**2 + n. Suppose 0 = 3*z + 5 + 7. Calculate f(z).
6
Let g(r) = 3*r - 2*r + 1 - 8. Suppose -6 - 4 = 2*n. Determine g(n).
-12
Let k(c) = 5*c - 1. Let y(q) = -6*q. Let p(n) = 7*k(n) + 6*y(n). What is p(-8)?
1
Let v(o) = o**3 + 6*o**2 + 5*o + 7. Suppose -60 = -5*k + 2*k. Suppose 15*r + k = 11*r. Give v(r).
7
Let r(k) = -k + 1. Let f(o) = 3*o - 6. Let a(q) = f(q) + 2*r(q). Give a(5).
1
Let w(c) = c**2 - 3. Let s(v) = -v**3 + 4*v**2 - 4*v + 3. Suppose 0 = -5*n - 3*q + q + 5, -4*q = -2*n + 2. Suppose n - 10 = -3*r. Let x be s(r). What is w(x)?
-3
Let f(m) = m**2 - 6*m + 3. Let p be f(6). Let z(w) = 7*w + 4 - 3*w - p*w. Give z(0).
4
Let n(a) = -5*a**2 + 4*a**3 - 5*a**3 - 385 + 384. Let s be 1 + -1 - (-15)/(-3). Calculate n(s).
-1
Let g(j) = j. Let l(m) = -5*m + 3. Let n(p) = 6*g(p) + l(p). Let i = -2 - 1. Determine n(i).
0
Let f(c) be the second derivative of -c**3/6 + c**2/2 - 18*c. Give f(6).
-5
Let s = 25 - 22. Let q(m) = -m**2 + 4*m - 3. Give q(s).
0
Let m(p) = -p**2 - 7*p. Let x(d) = d**3 - 5*d**2 - 5. Let r be x(5). Give m(r).
10
Let p(j) = j - 5. Let a = 3 - 2. Let o(n) = 7*n - 2 - 3 - n**2 - a. Let d be o(6). Calculate p(d).
-5
Let w(t) = -3*t + 2. Let q(v) = 4*v - 1. Let h(c) = -2*q(c) - 3*w(c). Give h(8).
4
Let a(c) be the second derivative of c**5/20 - c**4/4 - c**3/2 - 5*c**2/2 - c. Let s be (4 + -8)*(-2 - -1). Calculate a(s).
-1
Suppose 0 = -0*f + 5*f. Let d(i) = 0 - i**2 + f - 7*i + i + 3. What is d(-7)?
-4
Let k(u) be the second derivative of -u**5/20 - u**4/6 + u**2/2 - 7*u. Let y(i) = -i**2 - 9*i - 7. Let x be y(-8). Calculate k(x).
-2
Let b(x) = x**2 - 5*x + 6. Suppose -4*h + 4*n = -n - 10, -n + 17 = 3*h. Suppose -2*j + 8 = h*i, -j + 5*i = 27 - 1. Let t be 1 - 1/(2/j). Determine b(t).
2
Suppose -p = -h + 3, -4*h + 15 = 5*p - 15. Let f(d) = -p + d + d - 3*d - 6. What is f(-6)?
-2
Let m = 1 - -3. Let o(i) = i - 9. Determine o(m).
-5
Let u(k) be the second derivative of -k**3/6 - 5*k**2/2 - 9*k. What is u(0)?
-5
Let r(x) = 2*x + 8. Let f(a) = -a - 10. Let o(n) = n + 11. Let v(l) = -7*f(l) - 6*o(l). Let h = -40 + 47. Let w(p) = h*v(p) - 3*r(p). What is w(5)?
9
Let f(m) = m**2 - 2*m + 2. Suppose n = -2*v + 3*v - 3, 4*n - 4 = 0. Determine f(v).
10
Let x(v) = -v - 6. Let o = 22 + -22. What is x(o)?
-6
Let j(z) = -3*z - 1. Let u(r) = 13*r + 5. Let l(g) = 9*j(g) + 2*u(g). Give l(6).
-5
Let k(v) = 7*v - 2. Let t(d) = -4*d + 11. Let n(r) = -3*r + 10. Let i(s) = 3*n(s) - 2*t(s). Let b be i(6). Let c = b - 0. Give k(c).
12
Let m = -2 + 5. Let q = m - 7. Let p(u) be the second derivative of -u**5/20 - u**4/3 - u**3/6 - u**2/2 - 12*u. Give p(q).
3
Let t(a) = -a - 1. Suppose -5*m - 25 = -3*b, 0*m + 5*m - b + 15 = 0. Calculate t(m).
1
Let i = 3 - 0. Let d(a) = 4*a + 4*a - 4*a - 2*a**2 + 2*a**i - 3*a**3. Calculate d(-3).
-3
Let t be -2 - (0/(-3) - 1). Let d = t - 2. Let u(c) = -6*c**3 - 6*c**2 - 2. Let l(a) = -a**3 - a**2 - a - 1. Let w(g) = -5*l(g) + u(g). What is w(d)?
6
Let r(x) be the second derivative of -x**3/6 - 7*x**2/2 - 26*x. Determine r(-6).
-1
Let j = -24 + 26. Let c(a) be the first derivative of -3 + 1/2*a**j - 3*a. What is c(4)?
1
Let w(x) = -x + 1. Let o be w(3). Let h(p) = 9*p - 1. What is h(o)?
-19
Let s(q) = q**2 + 8*q. Let l be s(-8). Let j(d) = -2*d**2 + l*d**3 - 3*d**2 - 5 + d**3 + d**2. Give j(4).
-5
Let i(m) = m - 4. Let r be i(6). Let c(f) = 2*f - 2*f**2 + 5*f**2 - 5*f**2. Calculate c(r).
-4
Suppose -2*i + 0*i = 38. Let j = -39 - i. Let m be j/(-6)*(-6)/5. Let r(t) = -t**3 - 5*t**2 - 4*t - 6. What is r(m)?
-6
Let l(v) be the first derivative of 2*v**2 + 2*v - 10. What is l(-4)?
-14
Suppose 0*q + 12 = 3*q. Let r(j) be the first derivative of 5/2*j**2 - 3 + 1/4*j**4 + q*j - 5/3*j**3. What is r(4)?
8
Let a = -7 - -11. Let i = a + 0. Let o(p) = -7*p + p + p - 6 + i + p**2. What is o(4)?
-6
Suppose 2*t = -j + 8, -t = 3*t + 3*j - 20. Let v(p) = 0 + 6 + 0 - t*p. Calculate v(5).
-4
Let t(i) = 3*i**2 + 3*i + 1. Let u(k) = k + 1 - 2 + 2. Let r = 4 + -7. Let y be u(r). Calculate t(y).
7
Let p = 80 + -76. Let z(l) = -l - 3. Calculate z(p).
-7
Let w = 4 + -3. Suppose -w - 7 = -4*t. Let b(m) be the second derivative of -m**4/12 + m**3/2 - m**2 - 3*m. Give b(t).
0
Let r be 2/(-6) + (-14)/(-6). Let n be 7 + -2 - (3 - r). Let o(a) = a + 0 + 9*a + 1 - a**2 - 6*a. Give o(n).
1
Let p(y) = -4*y + 3. Let v = -14 + 18. Calculate p(v).
-13
Let o(k) = k + 7. Let t = 28 - 33. Determine o(t).
2
Let b(y) = 4*y**2 - 1 - 8*y + y**2 - 6*y**2. Calculate b(-7).
6
Let b(d) be the third derivative of d**5/60 - 7*d**4/24 - 4*d**3/3 - 30*d**2. Give b(7).
-8
Let z(g) = -2*g**3 - 4*g**2 - 5*g + 2. Let o(q) = q**3 + 4*q**2 + 4*q - 1. Let k(n) = 3*o(n) + 2*z(n). Calculate k(4).
9
Let k(m) = m**2 + 10*m + 2. Suppose -4*t - 4*y - 27 = t, 4*y = 2*t + 22. Give k(t).
-19
Let r = 84 + -86. Let y(i) = -2*i**2 - 3*i - 3. Determine y(r).
-5
Let x(g) = -4*g**3 + 2*g**2 - g. Let y = 27 - 26. Determine x(y).
-3
Let y(p) = -p**2 - 2*p + 3. Let b be y(-3). Let h(g) = 2 + b - 7 + 3 - g. Suppose 4*l = -14 - 6. Determine h(l).
3
Let i(h) = -11*h**2 + h - 1. Let r(a) = -12*a**2 + a - 1. Let m(x) = 7*i(x) - 6*r(x). Determine m(1).
-5
Suppose 3*r - 25 + 1 = 0. Let z = r + -7. Let w(x) = -2*x - x - z - 1 + 4*x. Give w(5).
3
Let f(m) be the second derivative of m**3/3 + m**2/2 + m. Suppose 3*r - 17 = -4*y, 3*r - y - y = -13. Let z be 6/(-4)*(r - -3). Determine f(z).
-5
Let u be (-72)/9*(-1)/4 + 4. Let k(p) = 0 - 7*p + 4*p**2 - 3*p**2 + 3. Calculate k(u).
-3
Suppose 0 = 6*q - 11*q + 35. Let k(i) = i**3 - 6*i**2 - 6*i - 6. Calculate k(q).
1
Let k(q) = q - 4. Let b = -6 + 11. Determine k(b).
1
Let y(n) = n**2 + 1. Let z(j) = 3*j**2 + 4*j - 1. Suppose 3*g = 2*a - 0*a - 2, 0 = 3*a + 2*g - 3. Let r(f) = a*z(f) - 2*y(f). What is r(2)?
9
Let s(o) = 6 + 6 + 7*o - o**3 - 10 + 4 - 5*o**2. Give s(-6).
0
Let d(l) = 3 - l**3 - l**2 + 3*l + 4*l**2 + 0. Suppose -3*n + 5 = 2*n. Suppose -z - n = -5. Give d(z).
-1
Let n(i) = 3*i. Let m(y) = y + 1. Let t(g) = -4*m(g) + n(g). What is t(-8)?
4
Suppose p + 3*y = 1 - 14, -16 = 2*p + 4*y. Let g be (4 + 6)*p/4. Let f(q) = -q**3 + 5*q**2 + 4. Determine f(g).
4
Let j(h) = -h**2 - 2*h + 4. Let k(d) = -5*d**2 - 2*d. Let n be k(-1). Calculate j(n).
1
Let c(f) = 494 - 243 + 6*f - 242 + 3*f - f**2. What is c(8)?
17
Let a(b) = -2*b**2 - 3*b - 3. Let c be -2*2*2/(-4). Suppose 0 = -c*u + 10 - 4. Suppose -5*r = f - 8, u*f + r = -r - 2. Calculate a(f).
-5
Suppose 0 = 5*b - 4*x + 2, -5*b + b + 14 = 2*x. Suppose h - 18 = -3*k + 5*h, -h + 3 = 3*k. Let g(p) = -2 - p**k + 6*p**2 - 4*p**b. What is g(-3)?
7
Let g be (-1 - (-4)/2) + 3. Let d(a) = 0*a - g*a + 6*a. Give d(-1).
-2
Let r(z) = 11*z**2 + 11*z + 3. Let x(f) = -4*f**2 - 4*f - 1. Let q(y) = -3*